(s) = 7*j(s) + 6*x(s). Give r(1).
7
Let u(d) = 6*d - 5. Let v(n) = 5*n - 5. Let b(a) = 6*u(a) - 7*v(a). Let p = 84 - 88. Give b(p).
1
Suppose 2*w + x - 6 = 0, -6*w = -3*w - 3*x. Let f(j) = -2*j - 2. Give f(w).
-6
Let m(c) = -c**3 + 6*c**2 - 4*c - 1. Let s be m(5). Let y(q) be the second derivative of -2*q**2 - 2*q - 1/3*q**3 + 0 + 1/12*q**4. Give y(s).
4
Let p(g) = 2*g**2 + 4*g - 4*g**2 + g**2 + 6. Calculate p(5).
1
Let d = -3 - 2. Let m(s) = s + 4. Let p(i) = i + 4. Let x(y) = d*m(y) + 4*p(y). Let b = 9 - 9. What is x(b)?
-4
Suppose -5*d + 2 = -3. Let z = -6 - -12. Let n(l) = -z*l**2 - l + 6*l**2 + 9*l**2. Determine n(d).
8
Suppose y + 3 + 1 = 0. Let v be 8/6*(-6)/y. Let q(s) = -3*s + 4*s - v + 0*s. What is q(2)?
0
Suppose -4*h = w + 13, -4*w = h + 2*h. Let a(n) = -3*n**2 - 2*n - 3. Let t(p) = p**2 - p + 1. Let s(q) = a(q) + 2*t(q). Give s(h).
-1
Let o(f) = -f**2 + 3*f**3 + 0*f**2 - 1 + 1. Let a be o(1). Let s(v) = -v**2 + v - 1. Let w(r) = 3*r**2 - 4*r + 3. Let z(n) = -4*s(n) - w(n). Calculate z(a).
5
Let k = -262 + 266. Let b(y) = 4*y - 2*y - 4*y - 1. Determine b(k).
-9
Let f(h) = 2*h**2 - 3*h + 13. Let b(w) = 3*w**2 - 4*w + 19. Let d(u) = -5*b(u) + 7*f(u). What is d(0)?
-4
Suppose 4 - 28 = 4*j. Let r = -4 - j. Let d(a) = -r*a**2 - 2*a**3 - 11*a**3 - a + 3*a**3. Give d(-1).
9
Let g(o) = -2*o**2 + 3 + 2*o + 4*o**2 + 5*o - 3*o**2. Determine g(5).
13
Let q(a) = -a + 3. Suppose -5*i + 108 = -7. Suppose 6*t - 2*o + 35 = 3*t, o = -3*t - i. Let r = 6 + t. Determine q(r).
6
Let m(w) be the first derivative of -2*w**3/3 - 2*w**2 - 2*w + 5. Calculate m(-3).
-8
Let z(q) = -q**2 + 2*q - 3. Let d be (3 - (-2 + (-1 - -3))) + -1. Calculate z(d).
-3
Let w(f) = -f**3 + 0*f**2 + f**2 - 176 + 177. Let x(h) = -h**3 - h**2 + 2*h. Let b be x(-2). What is w(b)?
1
Let p(m) = m**2 - m + 4. Suppose -z + 2 = 0, 3*z = 3*h + 3 + 3. What is p(h)?
4
Let q(x) = 36*x - 2 - 74*x + 37*x. Give q(0).
-2
Let o(c) = 3 - 3*c - 3*c**2 - 3*c**2 + 5*c**2. Determine o(-4).
-1
Let y(a) = a + 9. Let o(v) = -v - 8. Let t(q) = 4*o(q) + 3*y(q). Let z = -4 - 0. Determine t(z).
-1
Let w(g) = -g**3 + g + 1. Suppose 0*j - 2 = j. Let u be 1*j/1 + 2. Suppose -5*p - 4*t = 5, -2*p + u*p + 2*t - 2 = 0. What is w(p)?
1
Suppose 2*c + 3*c = -5, -h + 4*c = -11. Suppose -5*t = -13 - h. Let b(d) be the first derivative of d**2/2 - d + 1. Give b(t).
3
Let z be 3*46*2/12. Suppose 24*h = z*h - 2. Let q(y) = 2*y**2 - 1. Determine q(h).
7
Suppose -4*x - 20 = -0. Let o = x - -4. Let g(n) = n**2. Give g(o).
1
Let i = -4 + 9. Let h(n) be the first derivative of n**5/60 - n**4/6 + 2*n**3/3 - 5*n**2/2 - 5. Let r(c) be the second derivative of h(c). Calculate r(i).
9
Let x(h) be the second derivative of -4*h**3/3 + 14*h. What is x(-1)?
8
Let t(d) = -6*d - 23*d**2 - d**3 + 4 + 28*d**2 + 2 - 1. What is t(4)?
-3
Let d(i) = -i**3 - i. Let t(x) = -x**3 - 5*x**2 - 2*x + 6. Let p(z) = 2*d(z) - t(z). Determine p(5).
-6
Let z(y) = 3*y**2 - y + 1. Let q = 3 - -4. Let x(s) = -5*s**2 + 3*s - 1. Let l(w) = q*z(w) + 4*x(w). Determine l(-5).
3
Let v(b) = -b**3 + b**2 - 1. Suppose o + 2 = 1. Determine v(o).
1
Suppose 0 = -s + 4*s - 6. Let t(g) = -s - g**2 + 1 - 6*g - 1. Let k(u) = u**3 - 6*u**2 - 7*u - 4. Let l be k(7). What is t(l)?
6
Suppose 5*g - 16 = -3*s, 2 = -2*s + 7*g - 4*g. Suppose 2*f - 8 = -s. Let y(r) = 3*r - r**3 + r + 3*r**2 - 5*r + 4 + 2*r**f. Calculate y(-3).
7
Let m(u) = -7*u**3 - 2*u**2 - 2*u + 1. Let y(j) = 28*j**3 + 9*j**2 + 8*j - 4. Let a(b) = -9*m(b) - 2*y(b). What is a(1)?
8
Let x(m) be the third derivative of m**4/12 - 2*m**3 - 22*m**2. What is x(8)?
4
Let x(y) be the second derivative of -y**5/20 - y**4/2 - y**3 - y**2 + y. Let c(p) = p**3 + 5*p**2 - 3. Let l be c(-4). Let o = -18 + l. Give x(o).
3
Let u be 4/4*(3 + 0). Let k(a) = 2*a**2 - 1. Give k(u).
17
Let t(f) = f**3 - 5*f**2 - 1. Suppose -5*v + 25 = 3*o, -o - 5*v + 4*v = -7. Determine t(o).
-1
Suppose 9*t - 10*t = -2. Let o(f) = -f**3 + 3*f**2 - 3*f. Give o(t).
-2
Let w(s) = 6*s - s - 4*s. Let x = 4 + -4. Let k(q) = q**3 - q**2 + q + 5. Let v be k(x). Give w(v).
5
Let d = 6 - -1. Let q(z) = -4*z**3 + 5*z**2 + 2*z - 3. Let v(k) = 9*k**3 - 11*k**2 - 4*k + 7. Let i(a) = d*q(a) + 3*v(a). Calculate i(3).
-3
Let k(n) = -5*n**2 - 13*n + 0 + 12*n**3 + 1 + 15*n + 7*n**2. Suppose 0*o = -o - 4. Let i be 6/(-8) + 1/o. Calculate k(i).
-11
Suppose -d = 0, r - 4*d + 3*d = -2. Let m(s) = -11*s**2 + 19*s - 2. Let o(h) = 5*h**2 - 9*h + 1. Let z(b) = -6*m(b) - 13*o(b). What is z(r)?
-3
Let s(i) = -4*i**2 - i**3 - 2 + 0*i**3 + 9*i**2 - 5*i. What is s(4)?
-6
Let o(s) be the third derivative of s**4/24 - 2*s**3/3 + 27*s**2. Let w = 3 - 7. Determine o(w).
-8
Let f(t) = -4*t**3 - 4*t**2 + 2*t + 2. Let l(i) = -i**3 - i**2 + 1. Let r(m) = -f(m) + 3*l(m). Give r(2).
9
Let x(u) = u**3 + 2*u**2 - 2*u + 4. Let n(t) = t**2 - 2*t**2 + 2*t**2 - 8*t - 3. Let d be n(8). What is x(d)?
1
Suppose -108 - 7 = -5*c + 5*q, 0 = -2*c - 2*q + 26. Let d be (-20)/6*c/(-15). Let k(n) = 5*n - 1 - d - 4*n - 8*n - 2*n**2. Calculate k(-4).
-9
Let j(p) be the second derivative of -p**4/12 - p**3/6 + p**2/2 - 12*p. Determine j(1).
-1
Suppose 0 = -0*u - 4*u. Let l(s) = s - 4*s**2 - 1 + 5*s**2 - s. Let h(m) = 3*m**2 - 10. Let i(j) = h(j) - 4*l(j). Give i(u).
-6
Let y(g) be the second derivative of -g**3/6 - 7*g**2/2 + 18*g. Let n be -4 + 2 - (-7 - 1). Suppose 2*i + n = -3*m, 2*i - i = 4*m - 3. Give y(m).
-7
Let p(x) be the first derivative of x**7/840 - x**6/60 + x**5/30 - x**4/4 + 2*x**3/3 + 7. Let s(r) be the third derivative of p(r). Determine s(5).
-11
Let c(f) = -f + 1 + 3 - 6*f - 5 - f**2. Give c(-7).
-1
Let n(u) = 3*u**2 - u**3 - 5*u + 0*u + 3 + 2*u. Let a(l) = l**2 + 8*l + 10. Let p be a(-7). Determine n(p).
-6
Let i(m) be the second derivative of -m**5/120 + 5*m**4/24 - 7*m**3/6 + 2*m. Let y(j) be the second derivative of i(j). Determine y(0).
5
Suppose -2*m + 2*h + 6 = -m, 0 = 3*m - 5*h - 13. Let f(w) = -w**3 + w**2 - 7*w + 4. Let d(t) = 2*t**3 + 8*t - 5. Let l(z) = -2*d(z) - 3*f(z). Determine l(m).
-6
Let p(m) be the first derivative of m**6/360 - m**5/120 - m**4/24 - m**3 + 2. Let t(z) be the third derivative of p(z). Calculate t(-1).
1
Let m(a) = -a**2 - 6*a - 3. Let q(h) = -6*h**2 - 31*h - 16. Let z(g) = 11*m(g) - 2*q(g). Let p(n) = -n**2 - 14*n - 45. Let w be p(-7). What is z(w)?
-1
Let y(f) = 7*f**2 + 2 - 3*f + 11*f**2 - 19*f**2 - 5. Determine y(-5).
-13
Let b(x) = -4*x + 5*x + 0*x - 1. Let h(v) = v**2 + 2*v - 4. Let s be h(-4). Determine b(s).
3
Let p(x) = -x**2 + 4*x - 2. Suppose 0 = -u - 6 + 7. Suppose 3*f = 4*f - 1. Let v be (-3 + u)*(0 - f). What is p(v)?
2
Let w = 4 + -7. Let d be (w - -1) + -2 + 3. Let h be -2 + d + -3 + 3. Let n(b) = b**3 + 3*b**2 + 4*b + 2. Calculate n(h).
-10
Let r(b) = b + 1. Let o(n) = 2. Let d(l) = o(l) + 4*r(l). Determine d(-4).
-10
Let h(u) = -2*u - 2. Suppose 5*i + 2*z + 68 + 186 = 0, 2*z = -i - 46. Let w be (-8)/i - 56/26. Calculate h(w).
2
Suppose -5*w = -5*b - 10, 0 = -3*w + 2*b + 2 + 8. Let s be w/(-12) + (-3)/(-2). Let a(k) = 8*k**3 - 2*k**2 + k. Give a(s).
7
Let s(d) = -d + 9. Let n be s(7). Suppose -n*w + 16 = 2*w. Let x(r) = r. Calculate x(w).
4
Let x(c) = c + 1. Let u = -4 - -5. Let y(v) be the third derivative of v**4/12 + 5*v**3/6 + v**2. Let k(j) = u*y(j) - 4*x(j). Determine k(-2).
5
Let k be 0/1*2/(-4). Suppose 5 = -t - k*t. Let l(p) be the third derivative of p**6/120 + p**5/15 - p**4/6 - p**3/6 + 5*p**2. Determine l(t).
-6
Let z(j) = -j**3 - j**2 + 4. Let h be z(0). Suppose -4 = -m - 2, -h*s - 12 = 4*m. Let u(i) = -i**3 - 5*i**2 + 2*i + 6. Give u(s).
-4
Let z(v) = -v**3 - 5*v + 2 - 3 + 3*v - 6*v**2. Let a(r) = -2*r**2 + 2. Let q be a(2). Calculate z(q).
11
Let n(o) = -95*o**3 + 96*o**3 - 5*o**2 + 5*o - 5 - 2. What is n(5)?
18
Let l(i) = -2*i - 3. Let g be -3*1*50/(-30). Let r = 2 - g. Calculate l(r).
3
Suppose 14 = 5*c - 6. Let h(p) = 3 - 5 + c - 3*p. Suppose 0 = -5*a, -a + 0 + 10 = 5*o. Calculate h(o).
-4
Let y(c) be the first derivative of -c**4/4 + 2*c**3/3 + 2. Determine y(1).
1
Let m(o) = 9*o**3 - o**2 + 2*o - 1. Let v(g) = g**2 - 4. Let d be v(-3). Suppose 0 = 2*t + 4*w - 14, -t + 26 - 10 = d*w. Give m(t).
9
Let d(g) be the second derivative of g**4/12 - g**3 + g**2 - 10*g. Determine d(6).
2
Let k = 29 - 26. Let q(s) = 7*s - 2 - k 